- -9 - (2 + -3 - -9)?
5
What is 74 + -54 + 3 + 1 - 9?
15
Evaluate 6 - (41 - (-7 + (19 - 5))).
-28
Calculate 0 - -4 - (-43 - -56).
-9
What is the value of -9 - (22 + -26 - (-3 - -3))?
-5
What is the value of 3 + -15 + 14 + 1?
3
What is 277 + -280 + 0 + -13?
-16
What is 3 - (-14 - (-17 - (9 - 18)))?
9
Calculate -1 + -15 + -58 + 78 + 24.
28
What is -31 - (9 + 0 + (21 - -13) + -34)?
-40
Calculate 14 + 0 + (14 - (-16 - (5 - 36))).
13
Evaluate 10 + -31 + (-6 + 6 - (2 + 0)).
-23
Evaluate 942 + -947 + (2 - 22 - 0).
-25
What is the value of 0 - -2 - -2 - -6 - -1 - 1?
10
38 + -18 + -41 + 11
-10
Evaluate 0 + 24 + 0 + -5.
19
Evaluate 34 - ((-26 - -27) + 21).
12
(6 - (2 + (5 - 1)) - -8) + -15
-7
What is (3 - 10) + 19 + -4 + -2?
6
What is (-6 - 1 - (-26 - (-59 + 13))) + 1?
-26
What is the value of -4 + 9 - (0 - 0 - (0 - 6))?
-1
(-1 - 0) + (21 - 27)
-7
Calculate -9 + (2 + (5 - -6) + 11 - -2).
17
Calculate 11 - 6 - ((1 - -13) + -6).
-3
Evaluate 6 + 5 + -13 + -1 + -7.
-10
What is -13 - (-9 - (-14 - -22))?
4
What is the value of -22 + (-7 - 5) + 17 + -8 + 1?
-24
(-33 - (-14 + -10)) + (-1 - 10)
-20
Evaluate -7 - (17 - (6 - -4 - 1) - 7).
-8
-6 + -6 + 8 + (6 - 0)
2
Evaluate -12 + 8 - ((0 - -3) + 1 + 0).
-8
What is (-49 - -23 - -18) + (-3 - -4) + 2?
-5
What is the value of (3 - (-3 - -4)) + 2 - (10 - 17)?
11
Evaluate -5 + (0 - (11 - (5 + 1))).
-10
-2 + 16 + (-6 - (7 + -6)) - -16
23
What is -5 + (-7 - (-14 - 6)) + 4?
12
What is the value of (-12 - -3 - (-5 - (2 + -11))) + -2?
-15
What is -1 + (-5 + (19 - 7) - 2)?
4
71 + -70 + (11 - 2)
10
Calculate -2 + 3 + 6 + 4 + -13.
-2
What is the value of 4 + -1 + (-8 - 42 - (-3 - 14))?
-30
Evaluate -10 - 24 - (-4 + (4 - (13 - 7))).
-28
What is the value of 21 + -38 - (4 + -33 + 8)?
4
What is the value of 1 + (-30 - (1 + 0)) - (12571 - 12580)?
-21
101 + -86 - (-1 - -3)
13
What is the value of -24 + -14 + 31 + -5?
-12
What is (-6 - 1) + (48 - -12 - 32)?
21
What is 22 - (15 + (-16 - -20))?
3
Evaluate -1 + (-7 + (5 - -1) - (-3 - -6)).
-5
Evaluate -4 - 30 - -7 - -14.
-13
What is the value of -6 + (-14 + 5 + 6 - -4) + 12?
7
What is (0 - -1 - 0) + -18 + -21 + 19?
-19
(-3 - -3) + -1 + 1 + 3 - 0
3
Evaluate (9 - 2) + (2 - -2 - 28 - -2).
-15
What is the value of 3 + -1 + -1 - -1 - (-37 - -39)?
0
What is the value of 38 + (-35 - -7) + -14 + -4?
-8
-142 + -36 + 202 + (7 - (-1 + 1))
31
What is -19 + (-6 - (-2 + -11) - 3)?
-15
Evaluate 7 + -2 - (-17 - -22) - (-7 + 10).
-3
Calculate 19 + 1 + (99 - 115) + -36.
-32
Calculate (4 - -1) + 0 + 34 + -43 - 17.
-21
-11 + (7 - (-7 + 5)) + 8 - -18
24
What is (0 - 1) + (-160 - -169)?
8
Calculate 28 - (-3 + 13 + (-33 - -33)).
18
49 + -6 - (3 - -17 - 4)
27
What is the value of (-1 - (-2 + -2)) + (-42 - -17)?
-22
What is -18 + (-3 - (-3 + -9))?
-9
What is (-2 - (-4 - -7 - 1)) + (1 - -10)?
7
-95 + 101 + 5 + -45 + -2
-36
(-36 - (1 - 25)) + (43 - -3) + -5
29
Evaluate (-9 - ((12 - -2) + -11)) + -2.
-14
Evaluate 18 + 2 + -3 - (-309 + 325).
1
Evaluate 12 + (-6 - (6 + (0 - (2 - -3)))).
5
4 + 4 + (-7 - -2 - (-33 + 12))
24
What is the value of 7 - (6 + -7 - -9) - -1?
0
Calculate 4 + (21 + -13 - (-8 + 11)).
9
What is (-6 - -45 - 60) + (-1 - -12)?
-10
Evaluate (-4 - -2) + -43 - (468 - 481).
-32
What is the value of (-29 - -14 - -7) + -14 + 5 + -3?
-20
What is 6 - ((2 - 10) + 3) - 3 - 18?
-10
Calculate -57 - -61 - (-2 + -7 + 2 + -1).
12
What is 19 - (-27 + 38) - 10?
-2
What is -19 + 11 + 21 + -3 + -2?
8
Evaluate -3 + -1 + 6 + -5 - -2.
-1
Calculate (-137 - -103) + 16 + 2.
-16
What is (-4 - (1 - 12)) + -19?
-12
Calculate (-2 - (-8 + 13) - -7 - 5) + 7.
2
(-7 - -12 - -11) + -1 + -37
-22
What is the value of -16 + (-1 + 2 - 3) + -118 + 122?
-14
Calculate -5 + (11 - -3 - 11).
-2
Calculate -62 - -39 - (-25 - 2).
4
Evaluate (-11 - -3) + 17 + -4 + -6.
-1
What is the value of -29 - (-27 - (-23 + 8))?
-17
What is the value of -6 + 0 + 19 + 1 + 2 - 3?
13
Calculate (2152 - 2158) + -29 + 0.
-35
Evaluate 103 + -104 + -4 + 0.
-5
-2 + 9 + -6 + -7
-6
Calculate -3 - 0 - (-5 + -6) - (-62 - -60).
10
What is the value of -18 - (-12 - (-5 - (4 + -1)))?
-14
Calculate (-28 - -8) + 10 + 8 + 10.
8
Calculate (-9 - -1) + (-99 - -104) - -12.
9
What is (-3 - ((-3 - 4) + 5)) + 14 + 0?
13
(5 - -6) + -31 + 22 - -9
11
-9 + (33 - 13) + 1 + -9
3
What is 5 + (3 - 9 - (4 - 7) - -1)?
3
(0 - -3) + -21 - (-199 - -199)
-18
Calculate -21 - -4 - (70 + -102).
15
Evaluate -18 + 26 - 44 - -22.
-14
What is 42 + (-61 - -44) + 1 + -1?
25
What is the value of 13 - (-13 - -44) - -19?
1
Calculate 9 + 4 + 9 + 15 + -15.
22
What is the value of -1 + (-1 - -2 - (-1 + -5))?
6
Evaluate -1 + -3 + 2 + (11 + -20 - -9).
-2
What is the value of 1 - ((4 - -2 - 30) + 9)?
16
Calculate (-49 + 40 - (1 + -2)) + -1 + 6.
-3
What is the value of (1 - (2 - 4)) + -4 + 2 + 12?
13
8 + (15 - 30) + -2 + 6
-3
Calculate 13 + (-8 - 2) + 3.
6
Evaluate (1 - 6) + (18 - 47) + 13.
-21
Calculate 12 - (-3 + (-1 - -3) - (-1 + -6)).
6
(-10 - (0 + -9 + 6 + 1)) + 17
9
1 + 16 + -58 + 50
9
Evaluate (7 - -1) + -10 - (-7 + -24 + 7).
22
Evaluate -33 + 16 + (-5 - -1 - -4).
-17
-23 - (-63 + (6 - -34))
0
What is the value of -29 - -36 - (17 - -10)?
-20
Calculate 5 + (8 + -11 - -5 - (-1 - -4)).
4
(3 + 10 - 7) + 9 + -17
-2
What is the value of -15 - (-6 - (-3 + -5)) - -7 - -6?
-4
What is the value of 10 + (-13 - (-4 + 11))?
-10
Evaluate -15 - (19 + 11 + -24).
-21
Evaluate 18 + 9 + (-3 - 21).
3
What is 1 - 12 - ((-39 - -19) + 11)?
-2
Calculate -6 - (-1 + -1 + 17 + -18 - -9).
-12
What is (-4 - -10 - (-1 + -1)) + (-100 - -102)?
10
Evaluate 27 - ((-1 - (-14 - -11)) + 2 + 0).
23
Calculate 9 + 1 - (517 + -507).
0
What is -8 + -8 + 9 + 0 + 24 - -1?
18
What is 9 - 16 - -23 - 12?
4
-45 - -11 - (2 + -8) - -18
-10
3 + 4 + -1 + -3
3
0 + -7 + (-17 - -15) + 20
11
Calculate -8 + 2 + -5 + -3 + 3.
-11
What is 0 + 12 - (285 - 262)?
-11
(19 + (5 - 14) - 15) + (1 - 7)
-11
Evaluate -1 + -25 + -30 + 63.
7
What is (14 - (-77 - -43)) + -9?
39
Calculate (57 - (18 + 31)) + (1 - 14).
-5
10 + 12 - 23 - (8 - 1)
-8
What is the value of (-14 - 8) + 9 - (-3 + 2)?
-12
What is the value of 15 + -4 + -12 + -12?
-13
What is -2 + 18 + (-1 - 13) + 10 - 1?
11
2 - 11 - (17 - (-17 + 32))
-11
Evaluate (-12 + 6 + 0 - 0) + 16.
10
What is -1 - -1 - (270 + -288)?
18
Calculate (9 - (2 + -9)) + (-11 - -1).
6
What is -16 - 4 - ((-8 - -2 - -6) + -5)?
-15
-7 + 0 - (-103 - -99) - 17
-20
What is the value of (4018 - 3997) + 0 + 1 + -19?
3
Calculate (24 - (10 + -26)) + -18.
22
Calculate 8 + -1 + -10 + 19 + 1 + -6.
11
Evaluate (7 - -2 - 3) + (-3 - -3) + -11.
-5
Calculate -1 + 7 - ((-67 - -22) + 44).
7
-11 + 28 + -16 + 5
6
-43 + 42 + -37 + 28
-10
What is the value of -18 - 2 - (-54 - -27)?
7
What is -248 - -268 - (-4 + 2 + -1)?
23
Calculate (-17 + 19 - 10) + -9 + -1.
-18
What is -1090 - -1106 - (-1 - -38)?
-21
What is (7 - (-3 - -3)) + (-12 - 2) + 11?
4
Calculate 24 - (38 - 27) - -6.
19
Calculate (22 - 15 - 15) + -9 + -1 + 3.
-15
14 - -4 - (-2 - (8 - 26))
2
Evaluate 2 - 2 - (211 - 219).
8
What is -44 - -56 - (0 + -2)?
14
12 + 30 + (23 - 71)
-6
What is the value of -24 + (15 - (44 - 16)) + 4?
-33
What is the value of -37 + (7 - (-17 - (-12 - 2)))?
-27
Evaluate (-14 + 13 - (0 - 8)) + 0 + 9.
16
What is -5 + -2 + (0 - -2 - -6) - 3?
-2
What is the value of -13 + 3 + 1 + 0 - (-22 + -12)?
25
Evaluate -44 + 31 + -2 + 15.
0
Calculate 5 + (1 - -6 - 6) + -5 + 4.
5
Evaluate -61 - (-39 + -10 + 12).
-24
Evaluate -1 - (-20 + (2 - -7) + 6).
4
Calculate 3 - -24 - 8 - (-1 - (-5 + -2)).
13
Calculate (13 - 0) + -6 + 4.
11
What is the value of 31 - (-18 + 69 + 3)?
-23
What is the value of (-27 - -1) + (-264 - -266)?
-24
What is 9 + -22 + -1 + 11 + -19 + 21?
-1
Calculate -3 + -8 + 5 + 7.
1
2 - (-4 + 4 - (-12 - -17) - 7)
14
What is the value of -190 + 179 - (3 + 17)?
-31
What is 3 - (-9 - -5) - (8 + 10)?
-11
-12 + 0 + 2 + 276 + -261
5
Calculate 11 + 16 - (10 + -1).
18
Calculate (-40 - 10) + 30 + 16.
-4
What is -1 - ((-4 + 12 - 5) + (5 - -17))?
-26
-39 + -1 - (-96 - -80)
-24
Calculate (-3 - (9 - ((-2 - -13) + -11))) + 15.
3
What is the value of 12 - (-13 - -15) - 14?
-4
Calculate (-16 - 0) + 40 - 3.
21
What is 12 + (-6 - -15 - 2)?
19
What is 5 + -3 - 4 - (-3 + (6 - 12))?
7
What is the value of -3 + (-11 + (11 - 8) - 3)?
-14
Evaluate -17 - -2 - (7 - 20) - (7 + 1).
-10
Calculate -1 + (9 - 1) - (8 